{"id":427,"date":"2024-10-19T20:59:46","date_gmt":"2024-10-19T20:59:46","guid":{"rendered":"https:\/\/iplteminescu.md\/?page_id=427"},"modified":"2024-10-19T21:03:09","modified_gmt":"2024-10-19T21:03:09","slug":"colectivul-didactic-al-liceului-teoretic-m-eminescu-din-or-cahul","status":"publish","type":"page","link":"https:\/\/iplteminescu.md\/index.php\/colectivul-didactic-al-liceului-teoretic-m-eminescu-din-or-cahul\/","title":{"rendered":"Colectivul didactic al Liceului Teoretic \u201cM. Eminescu\u201d din or. Cahul"},"content":{"rendered":"\n<p class=\"has-black-color has-text-color has-link-color wp-elements-f0234f5346dd5aac7286624d9530b72f\" style=\"font-size:20px\"><strong>Colectivul didactic al Liceului Teoretic \u201cM. Eminescu\u201d din or. Cahul, este format din profesori califica\u021bi, cu o vast\u0103 experien\u021b\u0103 \u0219i rezultate excelente \u00een activitatea curricular\u0103 \u0219i extracuricular\u0103.<\/strong><\/p>\n\n\n\n<p class=\"has-black-color has-text-color has-link-color wp-elements-c001748760adefbb056dcaf35f7d5f55\" style=\"font-size:20px\"><strong> Echipa include 61 de cadre didactice, dintre care: <\/strong><\/p>\n\n\n\n<ul class=\"wp-block-list\">\n<li class=\"wp-elements-69935d4fba1b41f567163af6f09fa54a\" style=\"font-size:20px\"><strong>7 profesori cu grad superior<\/strong><\/li>\n\n\n\n<li class=\"wp-elements-92011eb814e84695638bb70d173271e8\" style=\"font-size:20px\"><strong>12 profesori cu grad I <\/strong><\/li>\n\n\n\n<li class=\"wp-elements-e3fa8ecfa6a5aef720e58dc280c3b2da\" style=\"font-size:20px\"><strong>35 de profesori cu grad II<\/strong><\/li>\n<\/ul>\n\n\n\n<p class=\"has-black-color has-text-color has-link-color wp-elements-f1373df7b839e1f482b10af6df28efed\" style=\"font-size:20px\"><strong>ce asigur\u0103 o educa\u021bie de \u00eenalt\u0103 calitate. \u00cen plus, 2 membri ai colectivului de\u021bin titlul de doctor \u00een \u0219tiin\u021be. Al\u0103turi de ace\u0219tia, se reg\u0103sesc 6 debutan\u021bi \u0219i un t\u00e2n\u0103r specialist, contribuind cu entuziasmul \u0219i inova\u021bia lor la dezvoltarea continu\u0103 a procesului educa\u021bional.<\/strong><\/p>\n\n\n<div class=\"wp-block-image\">\n<figure class=\"aligncenter size-full\"><img loading=\"lazy\" decoding=\"async\" width=\"640\" height=\"480\" src=\"https:\/\/iplteminescu.md\/wp-content\/uploads\/2024\/10\/prof-1-1.jpg\" alt=\"\" class=\"wp-image-435\" srcset=\"https:\/\/iplteminescu.md\/wp-content\/uploads\/2024\/10\/prof-1-1.jpg 640w, https:\/\/iplteminescu.md\/wp-content\/uploads\/2024\/10\/prof-1-1-300x225.jpg 300w, https:\/\/iplteminescu.md\/wp-content\/uploads\/2024\/10\/prof-1-1-195x146.jpg 195w, https:\/\/iplteminescu.md\/wp-content\/uploads\/2024\/10\/prof-1-1-50x38.jpg 50w, https:\/\/iplteminescu.md\/wp-content\/uploads\/2024\/10\/prof-1-1-100x75.jpg 100w\" sizes=\"auto, (max-width: 640px) 100vw, 640px\" \/><\/figure>\n<\/div>","protected":false},"excerpt":{"rendered":"<p>Colectivul didactic al Liceului Teoretic \u201cM. Eminescu\u201d din or. Cahul, este format din profesori califica\u021bi, cu o vast\u0103 experien\u021b\u0103 \u0219i rezultate excelente \u00een activitatea curricular\u0103 \u0219i<span class=\"excerpt-hellip\"> [\u2026]<\/span><\/p>\n","protected":false},"author":1,"featured_media":0,"parent":0,"menu_order":0,"comment_status":"closed","ping_status":"closed","template":"","meta":{"_themeisle_gutenberg_block_has_review":false,"footnotes":""},"class_list":["post-427","page","type-page","status-publish","hentry"],"_links":{"self":[{"href":"https:\/\/iplteminescu.md\/index.php\/wp-json\/wp\/v2\/pages\/427","targetHints":{"allow":["GET"]}}],"collection":[{"href":"https:\/\/iplteminescu.md\/index.php\/wp-json\/wp\/v2\/pages"}],"about":[{"href":"https:\/\/iplteminescu.md\/index.php\/wp-json\/wp\/v2\/types\/page"}],"author":[{"embeddable":true,"href":"https:\/\/iplteminescu.md\/index.php\/wp-json\/wp\/v2\/users\/1"}],"replies":[{"embeddable":true,"href":"https:\/\/iplteminescu.md\/index.php\/wp-json\/wp\/v2\/comments?post=427"}],"version-history":[{"count":4,"href":"https:\/\/iplteminescu.md\/index.php\/wp-json\/wp\/v2\/pages\/427\/revisions"}],"predecessor-version":[{"id":436,"href":"https:\/\/iplteminescu.md\/index.php\/wp-json\/wp\/v2\/pages\/427\/revisions\/436"}],"wp:attachment":[{"href":"https:\/\/iplteminescu.md\/index.php\/wp-json\/wp\/v2\/media?parent=427"}],"curies":[{"name":"wp","href":"https:\/\/api.w.org\/{rel}","templated":true}]}}